tens digit of 17 - b*6/4?
1
Let l(w) = 6*w**2 + 2*w - 4. What is the tens digit of l(-4)?
8
Let i(k) = -k**2 + 6*k - 2. Let x be i(5). Suppose 0 = -x*p + 7*p - 140. What is the units digit of p?
5
Let i(d) = -2*d - 4. Let s be i(-4). Suppose -s*n = -n - 24. Suppose 4*h - n = r, -4 = -2*r - 0*r + 3*h. What is the units digit of r?
8
Suppose f + 14 = 2*f. What is the tens digit of 164/f + (-6)/(-21)?
1
Suppose 0 = -0*d + d + 8. Let y = 2 - d. What is the tens digit of y?
1
What is the hundreds digit of (136/(-5))/((-12)/60)?
1
Let l(h) = -h**2 - 9*h - 2. Let n = -20 + 36. Suppose -3*p = n + 5. What is the units digit of l(p)?
2
Let t be ((-6)/5)/((-3)/30). Let x(b) = b**3 - 11*b**2 - 11*b + 1. What is the tens digit of x(t)?
1
Suppose 6*n = n + 4*m + 162, -m = -2. What is the units digit of n?
4
Suppose -197 + 17 = -5*z. What is the units digit of z?
6
Suppose t = 2*t - 1. Let z(y) = 10*y**3 - y. What is the units digit of z(t)?
9
Suppose 8 + 42 = 5*y. Let d(t) = t**2 - 8*t + 1. What is the units digit of d(y)?
1
Suppose 0 = -5*g + 2*z - 427 + 157, 10 = 2*z. Let y = -22 - g. What is the tens digit of y?
3
Let i = 2 - 2. Suppose -3*g = -i*g - 27. What is the units digit of g?
9
Let g = 32 + -4. What is the units digit of g?
8
Let n(p) = p**3 + 6*p**2 + p - 2. What is the units digit of n(-5)?
8
Suppose -q + 4*q - 24 = -3*h, -2*h - 5*q + 7 = 0. Let c(l) = -l**2 + 11*l + 6. What is the units digit of c(h)?
6
Let v be (7/21)/((-1)/(-9)). Suppose 0*o - 3 = o + v*k, 0 = 4*o - 2*k - 30. What is the units digit of o?
6
Let o = 0 + 4. Suppose o*r = 3*r. Suppose r*d - d = -4. What is the units digit of d?
4
Let w = -6 - -9. Suppose 0 = -w*c + 4 - 22. What is the units digit of c/15 - 54/(-10)?
5
Let q be 1*50 + 1/1. Suppose -5*i - 11 + q = 0. Suppose 3*y = 7*y - i. What is the units digit of y?
2
Suppose 5*w - 37 = -2. Suppose 2*f - w*f + 195 = 0. What is the units digit of f?
9
Suppose 0*j - 6 = -j. What is the units digit of (11*1)/(j - 5)?
1
Let r = 9 - 8. Let c be -2 + (-3)/(-1) - 3. Let x = r - c. What is the units digit of x?
3
Let p = -19 - -19. Suppose 4*a + u - 19 = 102, p = -5*a - 2*u + 152. What is the units digit of a?
0
Let l(v) = v**3 - 6*v**2 + 7*v - 5. Let a be l(5). Suppose -5*s = -3*y - 6, a*y = 6*s - s. Suppose -d + 3*x + 16 = -2*x, 9 = -s*x. What is the units digit of d?
1
Suppose 0 = 3*p - 0*i + 2*i - 230, 226 = 3*p - 2*i. What is the units digit of p?
6
Let w(s) = s + 9. Let k be w(0). Suppose k = 2*f + f. Suppose f*o - 2*p - 4 = 0, -5*o + 12 = -3*o + p. What is the units digit of o?
4
Let c(x) = 2*x - 2. Let s be c(3). Suppose -5*q = -g - 19, 0 = 3*q + s*g - g + 3. Let l = q - 2. What is the units digit of l?
1
Let i be -1 + -3 + (-7 - -5). Let n(t) be the third derivative of -t**4/24 - t**3/3 + 2*t**2. What is the units digit of n(i)?
4
Suppose 6*l = l - 35. Let w = l + 11. Let j = w - 3. What is the units digit of j?
1
Let q(s) = -4*s + 9. What is the tens digit of q(-4)?
2
Suppose 4*w = 2*w. Suppose i + 23 - 67 = w. What is the tens digit of i?
4
What is the units digit of (3/(-2))/((-144)/41856)?
6
Let j(h) = -h**3 + 3*h**2 + 3*h - 4. Let d be j(3). Suppose 3*q + 65 = -2*q. Let m = d - q. What is the tens digit of m?
1
Suppose 4*t = 30 + 82. What is the tens digit of t?
2
Suppose 415 = 19*j - 14*j. What is the units digit of j?
3
Let t(s) = 16 + s**2 - 4 - 2*s**3 + 3*s**3. Let j = -40 - -40. What is the tens digit of t(j)?
1
What is the units digit of 17/(0 - (3 + -4))?
7
Let y be (-2)/(-2)*(13 + 11). Let t = 34 + y. What is the tens digit of t?
5
Let f(r) = 2*r**2 + 4*r - 3. Let g be f(-4). Suppose -37 = -4*t - g. What is the units digit of t?
6
Suppose 3*g + 16 = -2*q, -20 + 0 = 4*q + 3*g. Let z = q - 2. Let w = z - -11. What is the units digit of w?
7
Suppose -y + 3*b + 13 = 0, 0 = -5*y - b + 13 + 116. Suppose 4*t + y = 2*s - 1, 3*t = -5*s + 65. What is the tens digit of s?
1
Let o(a) = 30*a**2 + 2*a + 1. Let d be (3 - 3)/2 + -1. What is the units digit of o(d)?
9
Suppose -5*i = -6 - 9. Suppose -4*d + 0*d = -2*x + 4, 2*x - 32 = -i*d. Suppose -5*l = -x, 2*p + 2*l = -p + 13. What is the units digit of p?
3
Suppose 4*o + 3*t + 18 = 5*o, -5*o = 3*t. Suppose -2*u - u = -2*l - 3, -6 = l + o*u. What is the units digit of l*-1*(5 + -2)?
9
What is the units digit of (38 - 10)/((-3)/(-6))?
6
Let f(o) be the second derivative of -o**3 - 15*o**2/2 + 9*o. What is the units digit of f(-10)?
5
Let d(n) = n**2 + 9. Let c be (-6)/(-6)*(-1 + 1). What is the units digit of d(c)?
9
Let n be 0/2 - (3 + -1). What is the units digit of n/(-10) - (-156)/20?
8
Let y(c) = c - 1. Let q be y(-5). Let r = q - -8. What is the units digit of 6 - r*2/4?
5
Let t(p) = p**2 - 5*p - 35. What is the units digit of t(-5)?
5
Let l(x) = x**2 + x - 4. What is the units digit of l(5)?
6
Let r = 4 + -7. Let j = 28 - 22. What is the units digit of 32/j*r/(-2)?
8
What is the tens digit of (-9)/(-12) - 266/(-8)?
3
Let m = -18 - -33. Let f(o) = 3*o - 4. Let y be f(4). Suppose -3*a = -y*a + m. What is the units digit of a?
3
Let t = -3 + 2. Let r(l) = -2. Let a(h) = h. Let d(v) = t*a(v) - r(v). What is the units digit of d(0)?
2
Let j = 6 + -3. Let u be (-8)/(-12)*j/(-1). What is the units digit of 1*(-34)/u - 2?
5
What is the units digit of 3/(-1)*78/(-13)?
8
Let a(j) = j + 8. Let d be a(-6). Let x(i) = 3*i - d*i - i + 3*i - 3. What is the units digit of x(4)?
9
Let x = -8 - -10. Suppose -4*n + 9*n - 15 = 0, x*o - 3*n = -5. Suppose o*y + 104 = 5*a, 2*a - 6*a - 5*y + 70 = 0. What is the tens digit of a?
2
Let x be (-2)/8 - (-9)/4. Let u(r) = 4*r**2 - r**3 - x*r + 2 - r + 4*r. What is the units digit of u(4)?
6
Suppose 2*m = 4*m - 76. What is the tens digit of m?
3
Let n(b) = 2*b**2 - 7*b**2 + 35 + 3*b**2. What is the units digit of n(0)?
5
Let p be 0 - (-2)/((-4)/(-10)). Suppose -8 = 2*h + 2*z, p*z = -h + 2*z - 12. Let r(i) = i**2 + i + 6. What is the units digit of r(h)?
6
Let v = -60 + 120. Suppose 2*s = -2*s + v. What is the tens digit of s?
1
Let v(y) = 22*y**3 - y**2. Let r be v(1). Suppose 3*i = 7*i - 3*p + r, -i - 9 = -2*p. What is the units digit of (-4)/2*(1 + i)?
4
Let x be (-4)/6 - (-32)/(-6). Let m = 14 + x. What is the units digit of m?
8
Suppose -2*p = -4*c - 480, 0*p + 4*p - 999 = -5*c. What is the tens digit of p?
4
Let z be 384/15 - (-2)/5. What is the units digit of (z/(-6))/(1/(-9))?
9
Let g be 46/6 + (-4)/6. Suppose 0 = n - 6*n. Suppose -z + 2*o = g, 3*z - 7*z + 5*o - 13 = n. What is the units digit of z?
3
Let h = -652 - -969. What is the units digit of h?
7
Suppose 0 = -3*o - c + 149, -26 = -2*o - 5*c + 56. What is the units digit of o?
1
Suppose -4*n = 2*p - 28, 5*p = 4*p - 5*n + 14. Suppose 4*o + p = -c, -3*o = 4*c + 2 + 2. What is the units digit of c?
2
Let n(o) = -4*o - 6. Let r be n(-12). What is the units digit of (-24)/r + (-470)/(-14)?
3
Suppose -5*v + 28 = -0*v + 2*p, -v = -3*p + 8. What is the units digit of v?
4
Let n(u) = -u**2 - 10*u - 1. Let i be n(-7). Suppose 0 = -5*g - l - i, -4*g - 26 = -2*g + 4*l. Let k = 4 + g. What is the units digit of k?
1
Suppose -2*t - 13 = -2*y + 3*t, 2*y - 4 = -4*t. Suppose 3*j + 66 = 5*x + 15, y*x = -j + 51. What is the units digit of x?
2
Let s(c) = 17*c**2 + 3*c - 2. Let b be s(1). Suppose -3*g = 3*v - b - 114, -5*v = 0. What is the units digit of g?
4
Let x be (30/9)/(4/6). Suppose o - x = 8. What is the tens digit of o?
1
Let z(q) = q + 4. Let x be z(-4). What is the units digit of 0 + x + 10/2?
5
Let u(o) = 3*o**3 - 4*o**2 + o. Let d be u(-3). Let v = 172 + d. What is the tens digit of v?
5
Let v(x) = x**3 - 5*x**2 + 2*x - 5. What is the units digit of v(5)?
5
Suppose -r - 5*q = -18, 4*r - 6*r + 9 = q. What is the units digit of r?
3
Let p(a) = 7*a - 1. Let x be p(3). Let l(i) = -3*i - 1. Let k be l(-5). Let m = x - k. What is the units digit of m?
6
Suppose -5*l - 4*l = -675. What is the tens digit of l?
7
Let b = -101 + 306. What is the tens digit of b?
0
Let d(w) = w**3 + w**2 + w + 10. Let l be (1 + -1)/((-6)/2). What is the tens digit of d(l)?
1
Suppose -5*v + 18 = 3. Suppose -4*m + s - 2 = -v*m, -m = -3*s + 10. What is the units digit of 8/16 - (-33)/m?
7
Let x(c) = -c**3 + 13*c**2 - 4*c - 5. What is the hundreds digit of x(11)?
1
Suppose -3*q + 4*q = 21. Suppose 5*z = 4*z + q. What is the 